{"id":37788,"date":"2024-07-09T22:49:27","date_gmt":"2024-07-09T20:49:27","guid":{"rendered":"https:\/\/ggi-initiative.at\/wp\/?page_id=37788"},"modified":"2024-07-09T22:49:28","modified_gmt":"2024-07-09T20:49:28","slug":"pm-125-gefahr-von-rechts-feindpolitik-aus-dem-lehrbuch","status":"publish","type":"page","link":"https:\/\/ggi-initiative.at\/wp\/pm-125-gefahr-von-rechts-feindpolitik-aus-dem-lehrbuch\/","title":{"rendered":"PM: #125 Gefahr von Rechts &#8211; Feindpolitik aus dem Lehrbuch"},"content":{"rendered":"\n<p>Presseaussendung der GGI-Initiative am 05.07.2024<\/p>\n\n\n\n<p><strong>Die D\u00e4monisierung eines betr\u00e4chtlichen Teils der Bev\u00f6lkerung als rechtsextrem erinnert an historische Feindbilder wie die &#8220;Kommunisten&#8221; im Kalten Krieg. Diese Taktik dient der Diffamierung politischer Gegner und der Spaltung der Bev\u00f6lkerung, statt dem Wunsch nach Frieden und Meinungsfreiheit nachzukommen. Ein friedliches Zusammenleben erfordert jedoch Meinungsvielfalt, Toleranz und einen offenen Diskurs, der durch aktuelle Medienpraktiken und politische Strategien gef\u00e4hrdet wird.<\/strong><\/p>\n\n\n\n<h3 class=\"wp-block-heading\" id=\"h-feindbilder-der-vergangenheit\">Feindbilder der Vergangenheit<\/h3>\n\n\n\n<p>In Zeiten wie diesen schaut man staunend, was da vor aller Augen passiert. Knapp 30 Prozent der Bev\u00f6lkerung werden d\u00e4monisiert, werden von rechts-konservativ zu rechtsradikal und schlie\u00dflich rechtsextrem umgedeutet. Oft f\u00e4llt in diesem Zusammenhang der Begriff \u201eNazi&#8221; als blankes Schimpfwort. Von \u201eneonazi-nahem Sumpf&#8221; ist die Rede, vom \u201ev\u00f6lkisch-esoterischen Komplex&#8221;. Das alles geschieht au\u00dferhalb des historischen Kontextes.<\/p>\n\n\n\n<p>Die Methode, politischen oder weltanschaulichen Gegnern das Etikett eines einpr\u00e4gsamen Feindbildes aus Gegenwart oder Vergangenheit anzuh\u00e4ngen, ist nicht neu. In den USA wurde etwa w\u00e4hrend des Kalten Kriegs der Begriff Kommunist (&#8220;Commie&#8221;, &#8220;Red&#8221;) so verwendet wie wir es jetzt mit Nazi, etc. kennen.<\/p>\n\n\n\n<p>So wurde z.B. 1954 Jacobo Arbenz, damals Pr\u00e4sident von Guatemala, gest\u00fcrzt. Er wollte United Fruit, ein m\u00e4chtiges US-Unternehmen, enteignen. Der Operation ging allerdings eine Diffamierungskampagne voraus, um in der US-Bev\u00f6lkerung weitgehend Sympathie f\u00fcr die Putschisten zu erwirken sowie die Mitwirkung der USA gutzuhei\u00dfen. Arbenz wurde als Kommunist und Gefahr vor der Haust\u00fcr dargestellt.<\/p>\n\n\n\n<p>Auch nach innen wurde diese Taktik angewandt, besonders von Vertretern des Neoliberalismus in den USA. So fielen der Diffamierung als Kommunist ab den 1970er Jahren f\u00fchrende Gewerkschafter zum Opfer.<\/p>\n\n\n\n<h3 class=\"wp-block-heading\" id=\"h-verbinden-statt-spalten\">Verbinden statt Spalten<\/h3>\n\n\n\n<p>Es gibt viel Unzufriedenheit mit der herrschenden Politik. Aber anstatt zu versuchen, der fundamentalen Sehnsucht aller B\u00fcrgerinnen und B\u00fcrger nach Frieden in Gesellschaft und Welt gerecht zu werden, wird bewusst Spaltung herbeigeredet und -geschrieben. Von der Regierung abw\u00e4rts sollen sich alle gegen eine undifferenzierte Gefahr von rechts verb\u00fcnden. Aber niemand erkl\u00e4rt, worin diese gro\u00dfe Gefahr derzeit best\u00fcnde.<\/p>\n\n\n\n<p>Eine Demokratie lebt nicht nur von politischer Stabilit\u00e4t und sozialer Gerechtigkeit, sondern auch von Meinungsfreiheit und damit dem Respekt vor anderen Ansichten. Wertsch\u00e4tzung von Vielfalt und Toleranz gegen\u00fcber unterschiedlichen Meinungen, \u00dcberzeugungen und Lebensstilen sind grundlegende Elemente eines friedlichen Zusammenlebens. Und dabei ist es unerheblich, welcher politischen Str\u00f6mung man sich zurechnet. Rechts oder Links ist per se nicht Gut oder B\u00f6se.<\/p>\n\n\n\n<p>Es geh\u00f6rt sogar zu den Kernaufgaben einer liberalen Demokratie, politischen Pluralismus und Meinungsvielfalt nicht nur auszuhalten, sondern auch zu f\u00f6rdern und einen offenen politischen Diskurs zu erm\u00f6glichen.<\/p>\n\n\n\n<p>Der Verdacht liegt nahe, dass diese inszenierte Gefahr von rechts nur ein gro\u00dfes Ablenkungsman\u00f6ver von der herrschenden schlechten Politik ist und wir uns schon im Vorwahlkampf befinden, wo diffuse \u00c4ngste gesch\u00fcrt werden, um die politische Meinung zu beeinflussen.<\/p>\n\n\n\n<h3 class=\"wp-block-heading\" id=\"h-die-macht-der-medien\">Die Macht der Medien<\/h3>\n\n\n\n<p>Medien fungieren als Informationsvermittler und haben die Macht, die \u00f6ffentliche Meinung zu formen. In der heutigen Welt, in der digitale Medien einen immer gr\u00f6\u00dferen Einfluss haben, ist es entscheidend, dass Medien verantwortungsbewusst handeln.<\/p>\n\n\n\n<p>Ein kritischer Umgang mit Informationen ist unabdingbar, um Manipulation und Fehlinformationen zu vermeiden. Medienkompetenz, das Verm\u00f6gen, Informationen zu analysieren und zu hinterfragen, wird in einer Welt, in der Nachrichten im \u00dcberfluss vorhanden sind, immer wichtiger.<\/p>\n\n\n\n<p>Die Sprache spielt eine entscheidende Rolle bei der Verst\u00e4ndigung, und eine positive, respektvolle Kommunikation f\u00f6rdert das gegenseitige Verst\u00e4ndnis. W\u00e4hrend der letzten Jahre haben Leitmedien und \u00f6ffentlicher Rundfunk jedoch eine vergleichbare Rolle gespielt, wie US-Medien im o.g. erw\u00e4hnten Fall Guatemala. Spektakul\u00e4re Geschichten waren interessanter als Fakten. Ob letztere von United Fruit g\u00e4nzlich erfunden oder manipulativ aus dem Zusammenhang gerissen wurden, schien kaum jemand zu interessieren.<\/p>\n\n\n\n<h3 class=\"wp-block-heading\" id=\"h-schlussfolgerung\">Schlussfolgerung<\/h3>\n\n\n\n<p>Insgesamt ist ein friedliches Zusammenleben das Ergebnis eines komplexen Zusammenspiels von individuellem Verhalten, Bildung, Kommunikation und verantwortungsbewusster Politik und Institutionen. Freie, unabh\u00e4ngige und kritische Medien als Informationsvermittler und Meinungsbildner sind entscheidend f\u00fcr die Gestaltung der \u00f6ffentlichen Meinung. Dieser Kernaufgabe kommen die meisten staatlich gef\u00f6rderten Medien aber immer weniger nach. Sie verst\u00e4rken gemeinsam mit der Politik die Spaltung der Gesellschaft durch die D\u00e4monisierung von Gruppen, sowie die Einschr\u00e4nkung des Sagbaren. Der vermeintlichen &#8220;Gefahr von Rechts&#8221; k\u00f6nnte man mit Argumenten viel besser und journalistisch sauberer begegnen.<\/p>\n\n\n\n<h3 class=\"wp-block-heading\"><strong><em>IN EIGENER SACHE:<\/em><\/strong><\/h3>\n\n\n\n<p><strong><em>Mit dieser Aussendung verabschieden wir uns in die Sommer- und Herbstpause. Am 29. September 2024 stehen die Nationalratswahlen an. Bis dahin widmen wir alle Ressourcen der Unterst\u00fctzung der aus der GGI-Initiative (Gr\u00fcner Verein f\u00fcr Grundrechte und Informationsfreiheit) gegr\u00fcndeten <a href=\"https:\/\/liste-petrovic.at\/\" target=\"_blank\" rel=\"noreferrer noopener\">&#8220;Liste Madeleine Petrovic&#8221;<\/a>. Bitte unterst\u00fctzt auch ihr dieses Projekt, zum Beispiel gleich ab Dienstag, 9. Juli 2024 mit einer <a href=\"https:\/\/liste-petrovic.at\/unterstuetzungserklaerungen\/\" target=\"_blank\" rel=\"noreferrer noopener\">Unterst\u00fctzungserkl\u00e4rung<\/a>. Wir brauchen \u00f6sterreichweit 2600 St\u00fcck, damit wir \u00fcberhaupt antreten d\u00fcrfen. DANKE f\u00fcr eure Hilfe!<\/em><\/strong><\/p>\n","protected":false},"excerpt":{"rendered":"<p>Presseaussendung der GGI-Initiative am 05.07.2024 Die D\u00e4monisierung eines betr\u00e4chtlichen Teils der Bev\u00f6lkerung [&hellip;]<\/p>\n","protected":false},"author":4,"featured_media":0,"parent":0,"menu_order":0,"comment_status":"open","ping_status":"closed","template":"","meta":{"footnotes":""},"class_list":["post-37788","page","type-page","status-publish","hentry"],"aioseo_notices":[],"_links":{"self":[{"href":"https:\/\/ggi-initiative.at\/wp\/wp-json\/wp\/v2\/pages\/37788","targetHints":{"allow":["GET"]}}],"collection":[{"href":"https:\/\/ggi-initiative.at\/wp\/wp-json\/wp\/v2\/pages"}],"about":[{"href":"https:\/\/ggi-initiative.at\/wp\/wp-json\/wp\/v2\/types\/page"}],"author":[{"embeddable":true,"href":"https:\/\/ggi-initiative.at\/wp\/wp-json\/wp\/v2\/users\/4"}],"replies":[{"embeddable":true,"href":"https:\/\/ggi-initiative.at\/wp\/wp-json\/wp\/v2\/comments?post=37788"}],"version-history":[{"count":1,"href":"https:\/\/ggi-initiative.at\/wp\/wp-json\/wp\/v2\/pages\/37788\/revisions"}],"predecessor-version":[{"id":37789,"href":"https:\/\/ggi-initiative.at\/wp\/wp-json\/wp\/v2\/pages\/37788\/revisions\/37789"}],"wp:attachment":[{"href":"https:\/\/ggi-initiative.at\/wp\/wp-json\/wp\/v2\/media?parent=37788"}],"curies":[{"name":"wp","href":"https:\/\/api.w.org\/{rel}","templated":true}]}}

<p>Presseaussendung der GGI-Initiative am 05.07.2024</p>



<p><strong>Die Dämonisierung eines beträchtlichen Teils der Bevölkerung als rechtsextrem erinnert an historische Feindbilder wie die &#8220;Kommunisten&#8221; im Kalten Krieg. Diese Taktik dient der Diffamierung politischer Gegner und der Spaltung der Bevölkerung, statt dem Wunsch nach Frieden und Meinungsfreiheit nachzukommen. Ein friedliches Zusammenleben erfordert jedoch Meinungsvielfalt, Toleranz und einen offenen Diskurs, der durch aktuelle Medienpraktiken und politische Strategien gefährdet wird.</strong></p>



<h3 class="wp-block-heading" id="h-feindbilder-der-vergangenheit">Feindbilder der Vergangenheit</h3>



<p>In Zeiten wie diesen schaut man staunend, was da vor aller Augen passiert. Knapp 30 Prozent der Bevölkerung werden dämonisiert, werden von rechts-konservativ zu rechtsradikal und schließlich rechtsextrem umgedeutet. Oft fällt in diesem Zusammenhang der Begriff „Nazi&#8221; als blankes Schimpfwort. Von „neonazi-nahem Sumpf&#8221; ist die Rede, vom „völkisch-esoterischen Komplex&#8221;. Das alles geschieht außerhalb des historischen Kontextes.</p>



<p>Die Methode, politischen oder weltanschaulichen Gegnern das Etikett eines einprägsamen Feindbildes aus Gegenwart oder Vergangenheit anzuhängen, ist nicht neu. In den USA wurde etwa während des Kalten Kriegs der Begriff Kommunist (&#8220;Commie&#8221;, &#8220;Red&#8221;) so verwendet wie wir es jetzt mit Nazi, etc. kennen.</p>



<p>So wurde z.B. 1954 Jacobo Arbenz, damals Präsident von Guatemala, gestürzt. Er wollte United Fruit, ein mächtiges US-Unternehmen, enteignen. Der Operation ging allerdings eine Diffamierungskampagne voraus, um in der US-Bevölkerung weitgehend Sympathie für die Putschisten zu erwirken sowie die Mitwirkung der USA gutzuheißen. Arbenz wurde als Kommunist und Gefahr vor der Haustür dargestellt.</p>



<p>Auch nach innen wurde diese Taktik angewandt, besonders von Vertretern des Neoliberalismus in den USA. So fielen der Diffamierung als Kommunist ab den 1970er Jahren führende Gewerkschafter zum Opfer.</p>



<h3 class="wp-block-heading" id="h-verbinden-statt-spalten">Verbinden statt Spalten</h3>



<p>Es gibt viel Unzufriedenheit mit der herrschenden Politik. Aber anstatt zu versuchen, der fundamentalen Sehnsucht aller Bürgerinnen und Bürger nach Frieden in Gesellschaft und Welt gerecht zu werden, wird bewusst Spaltung herbeigeredet und -geschrieben. Von der Regierung abwärts sollen sich alle gegen eine undifferenzierte Gefahr von rechts verbünden. Aber niemand erklärt, worin diese große Gefahr derzeit bestünde.</p>



<p>Eine Demokratie lebt nicht nur von politischer Stabilität und sozialer Gerechtigkeit, sondern auch von Meinungsfreiheit und damit dem Respekt vor anderen Ansichten. Wertschätzung von Vielfalt und Toleranz gegenüber unterschiedlichen Meinungen, Überzeugungen und Lebensstilen sind grundlegende Elemente eines friedlichen Zusammenlebens. Und dabei ist es unerheblich, welcher politischen Strömung man sich zurechnet. Rechts oder Links ist per se nicht Gut oder Böse.</p>



<p>Es gehört sogar zu den Kernaufgaben einer liberalen Demokratie, politischen Pluralismus und Meinungsvielfalt nicht nur auszuhalten, sondern auch zu fördern und einen offenen politischen Diskurs zu ermöglichen.</p>



<p>Der Verdacht liegt nahe, dass diese inszenierte Gefahr von rechts nur ein großes Ablenkungsmanöver von der herrschenden schlechten Politik ist und wir uns schon im Vorwahlkampf befinden, wo diffuse Ängste geschürt werden, um die politische Meinung zu beeinflussen.</p>



<h3 class="wp-block-heading" id="h-die-macht-der-medien">Die Macht der Medien</h3>



<p>Medien fungieren als Informationsvermittler und haben die Macht, die öffentliche Meinung zu formen. In der heutigen Welt, in der digitale Medien einen immer größeren Einfluss haben, ist es entscheidend, dass Medien verantwortungsbewusst handeln.</p>



<p>Ein kritischer Umgang mit Informationen ist unabdingbar, um Manipulation und Fehlinformationen zu vermeiden. Medienkompetenz, das Vermögen, Informationen zu analysieren und zu hinterfragen, wird in einer Welt, in der Nachrichten im Überfluss vorhanden sind, immer wichtiger.</p>



<p>Die Sprache spielt eine entscheidende Rolle bei der Verständigung, und eine positive, respektvolle Kommunikation fördert das gegenseitige Verständnis. Während der letzten Jahre haben Leitmedien und öffentlicher Rundfunk jedoch eine vergleichbare Rolle gespielt, wie US-Medien im o.g. erwähnten Fall Guatemala. Spektakuläre Geschichten waren interessanter als Fakten. Ob letztere von United Fruit gänzlich erfunden oder manipulativ aus dem Zusammenhang gerissen wurden, schien kaum jemand zu interessieren.</p>



<h3 class="wp-block-heading" id="h-schlussfolgerung">Schlussfolgerung</h3>



<p>Insgesamt ist ein friedliches Zusammenleben das Ergebnis eines komplexen Zusammenspiels von individuellem Verhalten, Bildung, Kommunikation und verantwortungsbewusster Politik und Institutionen. Freie, unabhängige und kritische Medien als Informationsvermittler und Meinungsbildner sind entscheidend für die Gestaltung der öffentlichen Meinung. Dieser Kernaufgabe kommen die meisten staatlich geförderten Medien aber immer weniger nach. Sie verstärken gemeinsam mit der Politik die Spaltung der Gesellschaft durch die Dämonisierung von Gruppen, sowie die Einschränkung des Sagbaren. Der vermeintlichen &#8220;Gefahr von Rechts&#8221; könnte man mit Argumenten viel besser und journalistisch sauberer begegnen.</p>



<h3 class="wp-block-heading"><strong><em>IN EIGENER SACHE:</em></strong></h3>



<p><strong><em>Mit dieser Aussendung verabschieden wir uns in die Sommer- und Herbstpause. Am 29. September 2024 stehen die Nationalratswahlen an. Bis dahin widmen wir alle Ressourcen der Unterstützung der aus der GGI-Initiative (Grüner Verein für Grundrechte und Informationsfreiheit) gegründeten <a href="https://liste-petrovic.at/" target="_blank" rel="noreferrer noopener">&#8220;Liste Madeleine Petrovic&#8221;</a>. Bitte unterstützt auch ihr dieses Projekt, zum Beispiel gleich ab Dienstag, 9. Juli 2024 mit einer <a href="https://liste-petrovic.at/unterstuetzungserklaerungen/" target="_blank" rel="noreferrer noopener">Unterstützungserklärung</a>. Wir brauchen österreichweit 2600 Stück, damit wir überhaupt antreten dürfen. DANKE für eure Hilfe!</em></strong></p>

<p>Presseaussendung der GGI-Initiative am 05.07.2024 Die Dämonisierung eines beträchtlichen Teils der Bevölkerung [&hellip;]</p>
